 = -2*v + 6*v - 16. Suppose 23 = v*w + c, -3*w - w + 3*c = -11. Calculate the highest common factor of w and q.
5
Let w be 14 + ((-15)/5 - -5). What is the greatest common factor of 64 and w?
16
Suppose -93 = -3*p + 2*d, 3*p + 155 = 8*p - 3*d. Suppose p = 2*s - 4*n - 41, 2*n = -3*s + 132. What is the highest common divisor of s and 6?
6
Suppose g + 20 = 2*t, -22 - 18 = -2*t - 4*g. Calculate the greatest common divisor of 3 and t.
3
Suppose 0 = 4*p - 17 - 31. What is the highest common factor of p and 108?
12
Let n = -129 + 229. Suppose 4*y - n = -0*y + 4*l, -5*l = 3*y - 43. Calculate the greatest common divisor of 7 and y.
7
Let x(u) = -u + 12. Let f be x(9). Suppose 0*k + 3*k = 4*h + 60, -h + 3 = 0. What is the greatest common divisor of f and k?
3
Let s(x) = x**2 - x + 60. Let h be s(0). Calculate the greatest common divisor of h and 30.
30
Suppose -3*q + 35 = -163. Suppose -3*k + 277 = -2*l - 3*l, 0 = -3*k + l + 293. What is the greatest common divisor of k and q?
33
Let c be ((-8)/6)/((-1)/3). What is the greatest common divisor of 32 and c?
4
Let h = -11 - -48. What is the greatest common factor of h and 37?
37
Suppose 121 = m + 3*v, 4*m + 4*v + 63 - 531 = 0. Let t = m - 73. Calculate the highest common factor of 6 and t.
6
Let z(m) = 6*m - 3. Let i be z(4). Let t be 1140/i - (-4)/(-14). What is the greatest common divisor of 6 and t?
6
Let g = 29 - 53. Let f = -12 - g. Suppose -57 + 9 = -2*a. What is the highest common factor of a and f?
12
Suppose -l + 33 = 3*g - 0*l, 2*g - 23 = -l. Let n be (-2)/(-7) - 234/(-63). Calculate the highest common divisor of g and n.
2
Let m = -73 - -105. Calculate the greatest common factor of 64 and m.
32
Let l(m) = -4*m - 2. Let i(u) = 6*u + 3. Let r(f) = 5*i(f) + 7*l(f). Let s be r(-2). Let n be 2/s - 1020/(-18). What is the highest common divisor of n and 14?
14
Suppose 2*y + 3*g = 16, -3*y = -3*g + 4*g - 38. Calculate the greatest common factor of y and 2.
2
Let a(l) = l**2 + 246. Let b be a(0). Let v be b/4 - 9/6. Suppose 4*h = -3*c + 48, 0 = 4*c - c. Calculate the highest common divisor of v and h.
12
Let k(s) = -5*s + 4*s + 3 + 4 + 0*s. Let r be k(-7). Calculate the greatest common factor of r and 28.
14
Let a(x) be the third derivative of -2*x**2 + 0 + 1/12*x**4 + 0*x**3 + 0*x. Let p be a(8). Calculate the highest common factor of 24 and p.
8
Suppose 4*h = -4 + 8. Let r(y) = 11*y**3 + y - 1. Let c be r(h). Calculate the greatest common factor of c and 88.
11
Suppose 0 = -5*d - 12 + 32. What is the highest common factor of d and 16?
4
Let o(x) = -x**3 - 5*x**2 - 5. Let w be o(-5). Let t(l) = -l + 7. Let a be t(w). Calculate the highest common factor of a and 72.
12
Suppose 4*d - 2*g + 103 = -23, 2*d - 5*g + 67 = 0. Let b be d/2*18/3. Let z = 181 + b. What is the highest common divisor of z and 8?
8
Suppose 3*x = 4*j + 92, -3*x + 0*j + 94 = -2*j. Calculate the greatest common divisor of x and 128.
32
Suppose 3*w - 5*j - 211 = 0, -5*w + 315 = 3*j + 20. Suppose 2*l + 28 = s, -l - w - 33 = -5*s. What is the greatest common factor of 27 and s?
9
Let p = 17 - -23. Suppose -6*g = g - 70. What is the highest common divisor of g and p?
10
Let f be (-2)/5 - (-242)/5. Let t(a) = -4*a**3 - 2*a**2 + 2*a - 4. Let v be t(-2). What is the greatest common divisor of f and v?
16
Let n(c) = 6*c + 3. Let g be n(-2). Let h be (2 + 22)*(-3)/g. What is the greatest common factor of h and 64?
8
Suppose 3*i = 8*i - 90. What is the greatest common factor of i and 36?
18
Suppose -526 = -3*m - 148. What is the greatest common factor of m and 84?
42
Let n be (-187)/(-9) + (-4)/(-18). What is the highest common factor of 21 and n?
21
Let g(v) = 2*v**2 + 3*v + 1. Suppose 5*m - 2*m = p - 10, 5*p - 2*m = -2. Let x be g(p). Let h = x + 13. Calculate the greatest common divisor of h and 80.
16
Suppose -x = -8 - 52. What is the highest common factor of x and 12?
12
Let k(o) = -5*o**2 - 1. Let b be k(1). Let a(q) = -q**3 - 5*q**2 + 3*q - 4. Let p be a(b). What is the highest common factor of p and 140?
14
Suppose -1 = -q - 48. Let a = -33 - q. Calculate the highest common divisor of a and 154.
14
Suppose -4*v - 2*l = -22, -4*v - 2*l + 16 = -6*l. Let r be (-6)/(-10) - 32/(-5). Suppose 13 = 2*q - r. Calculate the highest common divisor of q and v.
5
Let f(j) = -j**3 - 9*j**2 - 11*j - 7. Let x be f(-8). What is the greatest common divisor of 136 and x?
17
Let f be 2 + (5/(-2))/((-5)/50). Calculate the highest common factor of 18 and f.
9
Let j be ((-6)/4)/((-8)/32). Let n = 38 - 19. Suppose 8 + n = 3*w. Calculate the greatest common divisor of j and w.
3
Let h(c) = 3*c**2 + 3*c + 6. Let d be h(-4). Calculate the highest common divisor of 28 and d.
14
Let h be (-22)/(2 + 16/(-6)). What is the highest common factor of 22 and h?
11
Suppose -5*k + 4*g = -65 + 267, -k = -2*g + 38. Let p = -21 - k. Calculate the greatest common factor of 42 and p.
21
Let f = 19 + -11. Let x(m) = -m**3 + 8*m**2 + 2. Let i be x(8). Calculate the greatest common divisor of i and f.
2
Let f be (24/(-7))/(10/(-35)). Let s be 256/f + 2/3. What is the highest common factor of s and 55?
11
Let b(v) = v**2 - 6*v + 3. Let o be b(5). Let h be (-7 - o)*2/(-5). Suppose 72 = h*z + 2*z. What is the greatest common divisor of z and 18?
18
Let w = -133 + 322. What is the greatest common factor of 21 and w?
21
Suppose -2*i + 8 = q, -i - 4*q = i - 2. What is the highest common divisor of 5 and i?
5
Let v = 69 + -34. Calculate the greatest common divisor of 7 and v.
7
Suppose -771 = -4*n - q + 4*q, -q + 191 = n. Suppose a + n = 5*a. What is the greatest common divisor of 72 and a?
24
Let l be (-1400)/(-36) - 2/(-18). Calculate the greatest common factor of l and 52.
13
Let p(h) = -h**3 - 12*h**2 - 4*h. Let i be p(-11). Let x be (-14)/i - 1118/(-22). Calculate the highest common factor of x and 34.
17
Suppose -2*z = -3*z + 2*v - 6, -2*v = 3*z + 2. Let u be z + 3 - -8 - -3. Calculate the greatest common divisor of u and 36.
12
Let b(l) = -l + 1. Let a be b(-10). Suppose a = 4*q - 13. What is the greatest common factor of 48 and q?
6
Suppose -11 = -11*o + 143. Calculate the greatest common divisor of 35 and o.
7
Let p(d) = -d**3 + 11*d**2 - 9*d - 10. Let t be p(10). Let c = 2 + t. Suppose 0 = c*z + 3 - 29. What is the greatest common factor of 39 and z?
13
Suppose 3*k - 33 = -4*f, 4*k = -2*f + 19 + 25. Let p be 6/3*(-35)/(-10). Let g = 18 - p. Calculate the greatest common factor of k and g.
11
Suppose r + 4 = 0, 2*t + 2*r - 8 = -2*t. Calculate the greatest common divisor of t and 10.
2
Suppose -2*c = -0*c. Let y be c - (1 + -11*1). What is the highest common factor of y and 10?
10
Suppose 31 = -2*f - 4*a - 9, a + 5 = 0. Let k = f - -12. What is the highest common factor of 1 and k?
1
Suppose 11*z + 100 = 6*z. Let g be 300/(-9)*24/z. Let c(o) = -o**3 + 5*o**2 + 8*o - 7. Let a be c(6). Calculate the greatest common factor of a and g.
5
Let o(p) = -p - 3*p - 2*p**2 - 3 + 8*p**2. Suppose 0 = 3*d - 0 - 12. Let c be o(d). Calculate the greatest common factor of c and 7.
7
Suppose 0 = -2*m + 6, 5*s - 2*s - m + 27 = 0. Let k = s + 13. Calculate the highest common factor of 20 and k.
5
Let d be 85*8/12*(-6)/(-4). Suppose -w = w - 68. What is the greatest common divisor of d and w?
17
Let z(d) = 3 + 5*d**2 - d**3 - 1 - 6 - 3*d. Let f be z(3). Let g be 5/(-25) + 46/f. What is the greatest common divisor of 3 and g?
3
Let j be 149/7 + (-4)/14. Let g be 75/11 - 12/(-66). What is the greatest common divisor of g and j?
7
Suppose -5*f = -2*d + 30, 4*d - 3 = d - 3*f. Suppose 0 = 3*y - 33 + 3. What is the highest common divisor of d and y?
5
Let u be (2/3)/((-5)/(-1050)). What is the greatest common divisor of u and 28?
28
Let x = -23 - -59. Suppose 5*y - 5*f = 260, 92 = 3*y + 5*f - 80. Calculate the greatest common factor of x and y.
18
Suppose -5*c - 17 + 2 = 0, 4*c = -2*s + 1500. Suppose 3*f = -f + s. Calculate the highest common factor of f and 21.
21
Let m(v) = -v - 7. Let j be m(-15). Calculate the highest common factor of j and 16.
8
Suppose 10*b = 11*b - 44. What is the greatest common factor of b and 11?
11
Suppose 3*n - 40 = -4*p, 55 = 5*p - 2*n + 5. What is the highest common divisor of 40 and p?
10
Let l(v) = 21*v**3 + 2*v**2 - v - 2. Let c be l(2). Let w be 18/8 + (-3)/(-4). Suppos